ppose -5*j - 4*d + 149450 = 4460, 4*j - 3*d - 115992 = 0. What are the prime factors of j?
2, 3, 179
Let l(o) be the first derivative of -33*o**2/2 - 7*o + 11. Suppose -3 + 12 = -3*d. List the prime factors of l(d).
2, 23
Suppose -19 = -6*w - 1. Let t = 8 + w. Let g(n) = 7*n - 5. List the prime factors of g(t).
2, 3
Suppose 0 = -131*r + 552710 + 172375. List the prime factors of r.
3, 5, 41
Suppose 3*d - 8702 - 6508 = 0. Suppose 25*p - d = 10*p. What are the prime factors of p?
2, 13
Let i = 406 - 350. Let q = 150 - i. What are the prime factors of q?
2, 47
Suppose 1879*c = 1868*c + 64636. List the prime factors of c.
2, 13, 113
Suppose 70*j + 133260 = 162*j - 82*j. List the prime factors of j.
2, 3, 2221
Let y = -58 + 60. Suppose -4*c + 4 = 0, -f + y*c + 50 = -c. Suppose -2*a - f = -269. List the prime factors of a.
2, 3
Let g(t) = 11*t**3 - t**2 - 13*t + 8. Let a = 54 - 51. List the prime factors of g(a).
257
Suppose 2*j + 12752 - 40278 = 0. Suppose -2941 = -29*b + j. List the prime factors of b.
2, 3
Let x be 13/(104/30)*4. Suppose -x*t = -0*t - 5940. What are the prime factors of t?
2, 3, 11
What are the prime factors of (-345112)/(-7) + (392/686 - (-2)/(-7))?
2, 3, 11, 83
Let d be (-1035)/(-4) + ((-105)/20)/7. What are the prime factors of (d/4)/((-51)/(-340))?
2, 5, 43
Suppose 0 = 4*v + 2*k - 42, k + 63 + 0 = 5*v. Suppose v*h = -336 + 1536. What are the prime factors of h + (3 - 2) + -2?
3, 11
Let b(i) = 310*i + 4522. What are the prime factors of b(24)?
2, 5981
Suppose -28*r + 115990 + 78414 = 0. What are the prime factors of r?
53, 131
What are the prime factors of (2/4 + 1)*(-12924594)/(-1107)?
83, 211
Let n = -92941 - -138267. List the prime factors of n.
2, 131, 173
List the prime factors of (8 - -11466)/2 + (-2 + 0 - -4).
3, 1913
Let o = 106 + -123. Let y(f) = -5*f + 57. What are the prime factors of y(o)?
2, 71
Let c(a) = 21*a**3 + 8*a**2 - 9*a + 48. List the prime factors of c(7).
2, 5, 379
Let z = -88 + 100. Suppose z*f = 13*f - 1038. What are the prime factors of f?
2, 3, 173
Suppose 0 = -30*m + 103402 + 77528. List the prime factors of m.
37, 163
Let l(o) = -50647*o + 13. Let j be l(-1). Suppose 25*t + 21485 = j. What are the prime factors of t?
3, 389
Let h(l) = l**2 + 22*l + 319. What are the prime factors of h(54)?
4423
Let l(x) = -5*x + 7 + 2*x - 3*x + 5*x. Let s be l(5). Suppose 0 = -3*y - 6, -4*d + y - s*y + 26 = 0. List the prime factors of d.
7
Let m(v) = -14*v**2 + 39*v - 302. Let u(b) = 5*b**2 - 14*b + 101. Let r(o) = -4*m(o) - 11*u(o). What are the prime factors of r(9)?
2, 5
Let p(x) = x**3 - 9*x**2 + 29*x + 63. What are the prime factors of p(18)?
3, 389
Suppose -5*v + 546 = v. Let i = -89 + v. List the prime factors of 401/i - 6/4.
199
Let r(o) = -11*o - 11. Let b = -18 - -42. Suppose -b - 1 = 5*z, -2*u - 2*z - 26 = 0. List the prime factors of r(u).
7, 11
Let r = 266 + -261. Suppose -4*n - 4*b = -580, r*b + 175 = n + 36. What are the prime factors of n?
2, 3
Let v(j) = -46*j**3 + 2*j. Let k be v(-2). Let s be (-2)/17 + (-108)/(-51). Suppose 0 = -s*c + 15*c - k. What are the prime factors of c?
2, 7
Let m = 15063 - -14563. What are the prime factors of m?
2, 14813
Let h(d) = -d - 11. Let m be h(-11). Suppose 87 = -m*n + 3*n. Let v = n - -78. List the prime factors of v.
107
Let s be (237/(-9))/(2/(-6)). Let y = 85 - s. List the prime factors of 2/(-6) - -1*1190/y.
2, 3, 11
Let g = 33 + -27. Suppose 126 = -g*f - 12. Let k = 67 + f. What are the prime factors of k?
2, 11
Suppose -w - 4*y + 6 = 33, 3*w = y - 133. Let v(d) = d**3 + d**2 - 5*d + 4. Let u be v(-5). Let q = w - u. List the prime factors of q.
2, 7
Let d(c) = c**3 - 5*c**2 + 9*c - 9. Let j be d(3). Let t(x) = 12*x**2 - 2*x + 2*x - 15 + j*x. List the prime factors of t(3).
3, 31
Let c(l) = -l**3 + 8*l**2 + 9*l. Let s be c(9). Let a(t) = -t**2 + 3*t + 5. Let w be a(s). Suppose 0 = w*f - 2*f - 207. List the prime factors of f.
3, 23
Suppose 0 = -5*j - 6 + 1. Let z be (66/12)/(j/(-6)). Suppose 0 = 8*q - 721 + z. What are the prime factors of q?
2, 43
Let b = -107 + 110. Suppose 7*g - b*g - 2*j = 2090, 4*j = -4*g + 2060. List the prime factors of g.
2, 5, 13
Suppose 176*f - 151016 + 24318 = 33*f. What are the prime factors of f?
2, 443
Let k = -6060 + 9578. Suppose 2*a - 3521 = -5*w, -20*w + 25*w + a = k. What are the prime factors of w?
19, 37
Suppose 0*j + 13 = -j + 3*y, 0 = -j - 4*y + 22. Suppose j*l - 68 = 50. What are the prime factors of l?
59
Let h = 11184 - 4376. What are the prime factors of h?
2, 23, 37
Let n(v) be the first derivative of -v**6/360 + 13*v**5/120 + 3*v**4/8 - 2*v**3 - 13. Let d(x) be the third derivative of n(x). List the prime factors of d(5).
7
Suppose 89*n = 19*n + 175210. List the prime factors of n.
2503
Suppose -22*x - 43*x = 6*x - 208598. What are the prime factors of x?
2, 13, 113
Suppose 58 = -f + 56. List the prime factors of (-948 - -2)/f - (-16 + 17).
2, 59
Let a be (-6)/2 - 1 - -7. Suppose x + 385 = l, -2*l + a*x + x + 770 = 0. Suppose -3*h - 2*h = -l. What are the prime factors of h?
7, 11
Let w(r) = -8305*r - 9981. List the prime factors of w(-5).
2, 3943
Suppose -19*b + 2328 - 6432 = 0. List the prime factors of (-210546)/b + (-6)/8.
2, 487
Let m = 104874 - 49521. List the prime factors of m.
3, 18451
Let x = 440 - 0. Let h = -389 + 392. Suppose w = -h*w + x. What are the prime factors of w?
2, 5, 11
Let a be (-4)/(16/78)*(-1120)/168. Let n = 1351 - a. What are the prime factors of n?
3, 11, 37
Suppose 38*m - 38606 = 23667 + 129969. What are the prime factors of m?
5059
Let c(h) = h**2 + 8*h + 65. Let f be c(-4). Let u be -1*5*-1 - 2. Suppose -k = -u - f. What are the prime factors of k?
2, 13
Let t = -14740 - -25993. What are the prime factors of t?
3, 11, 31
Let m(b) = -158*b + 57. Let g = -296 - -292. What are the prime factors of m(g)?
13, 53
Let r = 22152 + 40871. List the prime factors of r.
19, 31, 107
Let v be -2*(-3)/3*2. Suppose -v = 2*k - 2, -5*k - 5 = -4*j. What are the prime factors of (1 + j)*(-308)/(-4)*1?
7, 11
Suppose -20 - 16 = -3*d - 3*m, 2*d - 16 = -4*m. Suppose j + h = 453, -2*h = 14*j - d*j + 890. List the prime factors of j.
449
Let h(a) = 173*a - 6. Let c be h(1). Let q = 382 - c. List the prime factors of q.
5, 43
Let q be ((-2)/(-6))/((-31)/7626). Suppose 0*d = 2*d + 324. Let c = q - d. What are the prime factors of c?
2, 5
Suppose 0 = 59*c - 1739428 - 523222. What are the prime factors of c?
2, 5, 13, 59
Let n = 13899 - 5848. List the prime factors of n.
83, 97
Suppose 2*h + 6 = 3*h. Let v(p) = p**3 + 28*p**2 - 37*p - 28. Let s be v(-29). Suppose 2*i = -h + s. What are the prime factors of i?
3, 11
Suppose 614 = -10*x + 11*x. Let q = x + -352. Suppose -4*k = 3*r - q - 216, -4*r + 476 = 4*k. List the prime factors of k.
11
Let f = -595 - -6385. What are the prime factors of f?
2, 3, 5, 193
Let c = 677 - 674. Suppose 2*u = -c*v - 31 + 1483, -2*u + 5*v = -1484. What are the prime factors of u?
2, 3, 61
Let o(j) = -11*j**3 + 2*j**2 + 7*j + 13. Suppose -9*l - 45 = 6*l. List the prime factors of o(l).
307
Suppose 4*b = o + 19121, b - 1817 - 2949 = 5*o. List the prime factors of b.
7, 683
Suppose 0 = -i + 3*h - 7, -2*i - 6 = -16*h + 18*h. Let w be 564 - 1/((-7 - i)/9). List the prime factors of (-9)/(w/(-14)) - 2624/(-18).
2, 73
Let o(x) = 1443*x - 1235. List the prime factors of o(4).
13, 349
Let f(z) be the second derivative of 4*z**5/5 - z**4/12 + 11*z**3/6 - 3*z**2/2 + 6*z + 4. List the prime factors of f(3).
3, 151
Let i = -484 - -487. Suppose 2*y = i*t - 36 - 713, 3*y - 1280 = -5*t. List the prime factors of t.
11, 23
List the prime factors of -5*42/35 - -9246 - (0 + 0).
2, 3, 5, 7, 11
What are the prime factors of 4*17/(-102) + 53223/9?
3, 73
Suppose 0 = y - 0*y. Suppose 4*v - 624 = -y*v. Suppose 11*t - v = 9*t. What are the prime factors of t?
2, 3, 13
Let n = -210 - -215. Suppose 70 = n*u - g, 4*u + 2*g = g + 65. What are the prime factors of u?
3, 5
Suppose 25*b - 23*b + 52375 = 7*b. List the prime factors of b.
5, 419
Let y(z) = 7*z**2 - 115*z + 1046. What are the prime factors of y(-57)?
2, 3793
Let p = -1292 + 621. Let u = 1093 + p. List the prime factors of u.
2, 211
Suppose 0 = -25381*p + 25405*p - 1071024. List the prime factors of p.
2, 53, 421
Let d(c) = 3987*c + 3566. What a